actors of 16691.
16691
List the prime factors of 41996.
2, 10499
List the prime factors of 3336.
2, 3, 139
What are the prime factors of 546?
2, 3, 7, 13
What are the prime factors of 501?
3, 167
What are the prime factors of 6341?
17, 373
List the prime factors of 705.
3, 5, 47
List the prime factors of 4306.
2, 2153
What are the prime factors of 655?
5, 131
What are the prime factors of 1610?
2, 5, 7, 23
List the prime factors of 76772.
2, 17, 1129
What are the prime factors of 12619?
12619
What are the prime factors of 47827?
13, 283
What are the prime factors of 28008?
2, 3, 389
What are the prime factors of 32302?
2, 31, 521
What are the prime factors of 13?
13
What are the prime factors of 959?
7, 137
List the prime factors of 5457.
3, 17, 107
What are the prime factors of 58?
2, 29
What are the prime factors of 488?
2, 61
List the prime factors of 1503.
3, 167
List the prime factors of 5911.
23, 257
List the prime factors of 22253.
7, 11, 17
What are the prime factors of 46735?
5, 13, 719
List the prime factors of 22425.
3, 5, 13, 23
What are the prime factors of 1695?
3, 5, 113
List the prime factors of 8239.
7, 11, 107
What are the prime factors of 351?
3, 13
What are the prime factors of 32003?
32003
List the prime factors of 3805.
5, 761
List the prime factors of 374.
2, 11, 17
List the prime factors of 7143.
3, 2381
List the prime factors of 8158.
2, 4079
What are the prime factors of 2835?
3, 5, 7
What are the prime factors of 3982?
2, 11, 181
What are the prime factors of 56510?
2, 5, 5651
List the prime factors of 29262.
2, 3, 4877
What are the prime factors of 3806?
2, 11, 173
What are the prime factors of 4928?
2, 7, 11
List the prime factors of 69127.
69127
What are the prime factors of 2857?
2857
What are the prime factors of 9566?
2, 4783
List the prime factors of 36308.
2, 29, 313
List the prime factors of 1003.
17, 59
What are the prime factors of 77210?
2, 5, 7, 1103
What are the prime factors of 276?
2, 3, 23
List the prime factors of 4996.
2, 1249
What are the prime factors of 473?
11, 43
List the prime factors of 4129.
4129
What are the prime factors of 14860?
2, 5, 743
What are the prime factors of 16505?
5, 3301
List the prime factors of 5037.
3, 23, 73
List the prime factors of 592.
2, 37
List the prime factors of 8220.
2, 3, 5, 137
What are the prime factors of 4762?
2, 2381
List the prime factors of 133564.
2, 33391
What are the prime factors of 6362?
2, 3181
What are the prime factors of 12409?
12409
List the prime factors of 42622.
2, 101, 211
What are the prime factors of 4718?
2, 7, 337
What are the prime factors of 51364?
2, 12841
List the prime factors of 42048.
2, 3, 73
List the prime factors of 42068.
2, 13, 809
What are the prime factors of 215?
5, 43
What are the prime factors of 28673?
53, 541
List the prime factors of 103.
103
List the prime factors of 1879.
1879
List the prime factors of 840.
2, 3, 5, 7
What are the prime factors of 6166?
2, 3083
What are the prime factors of 5261?
5261
List the prime factors of 3602.
2, 1801
List the prime factors of 1462.
2, 17, 43
What are the prime factors of 2757?
3, 919
List the prime factors of 10157.
7, 1451
What are the prime factors of 50832?
2, 3, 353
List the prime factors of 3625.
5, 29
List the prime factors of 846.
2, 3, 47
What are the prime factors of 1803?
3, 601
What are the prime factors of 4687?
43, 109
What are the prime factors of 73205?
5, 11
List the prime factors of 23055.
3, 5, 29, 53
What are the prime factors of 18505?
5, 3701
What are the prime factors of 2454?
2, 3, 409
List the prime factors of 20754.
2, 3, 1153
List the prime factors of 1588.
2, 397
List the prime factors of 9144.
2, 3, 127
What are the prime factors of 930?
2, 3, 5, 31
List the prime factors of 1303.
1303
What are the prime factors of 8123?
8123
What are the prime factors of 158424?
2, 3, 7, 23, 41
List the prime factors of 32503.
32503
List the prime factors of 968.
2, 11
What are the prime factors of 2018?
2, 1009
List the prime factors of 730.
2, 5, 73
List the prime factors of 708.
2, 3, 59
List the prime factors of 957.
3, 11, 29
List the prime factors of 2943.
3, 109
List the prime factors of 527.
17, 31
List the prime factors of 58578.
2, 3, 13, 751
List the prime factors of 95406.
2, 3, 15901
What are the prime factors of 17320?
2, 5, 433
What are the prime factors of 29222?
2, 19, 769
What are the prime factors of 41922?
2, 3, 17, 137
What are the prime factors of 37894?
2, 18947
What are the prime factors of 133214?
2, 43, 1549
List the prime factors of 78645.
3, 5, 7, 107
List the prime factors of 55550.
2, 5, 11, 101
List the prime factors of 102213.
3, 41, 277
List the prime factors of 5885.
5, 11, 107
List the prime factors of 1843.
19, 97
What are the prime factors of 1522?
2, 761
List the prime factors of 70551.
3, 13, 67
List the prime factors of 6816.
2, 3, 71
List the prime factors of 2250.
2, 3, 5
What are the prime factors of 621?
3, 23
List the prime factors of 441.
3, 7
What are the prime factors of 1603?
7, 229
List the prime factors of 1232.
2, 7, 11
List the prime factors of 55521.
3, 31, 199
What are the prime factors of 26596?
2, 61, 109
List the prime factors of 23432.
2, 29, 101
What are the prime factors of 8062?
2, 29, 139
List the prime factors of 1215.
3, 5
List the prime factors of 316.
2, 79
What are the prime factors of 77708?
2, 19427
List the prime factors of 1158.
2, 3, 193
What are the prime factors of 19306?
2, 7, 197
List the prime factors of 5001.
3, 1667
What are the prime factors of 2491?
47, 53
What are the prime factors of 41336?
2, 5167
List the prime factors of 72982.
2, 7, 13, 401
What are the prime factors of 151068?
2, 3, 12589
List the prime factors of 2811.
3, 937
What are the prime factors of 298?
2, 149
List the prime factors of 50782.
2, 25391
List the prime factors of 122690.
2, 5, 12269
What are the prime factors of 467?
467
List the prime factors of 657.
3, 73
What are the prime factors of 64?
2
List the prime factors of 43320.
2, 3, 5, 19
List the prime factors of 5054.
2, 7, 19
List the prime factors of 28651.
7, 4093
What are the prime factors of 2437?
2437
List the prime factors of 935.
5, 11, 17
What are the prime factors of 835?
5, 167
List the prime factors of 3941.
7, 563
List the prime factors of 125.
5
List the prime factors of 14170.
2, 5, 13, 109
What are the prime factors of 720?
2, 3, 5
List the prime factors of 56651.
7, 8093
List the prime factors of 1073.
29, 37
List the prime factors of 1641.
3, 547
What are the prime factors of 48?
2, 3
List the prime factors of 3322.
2, 11, 151
What are the prime factors of 993?
3, 331
List the prime factors of 3222.
2, 3, 179
List the prime factors of 39605.
5, 89
What are the prime factors of 1649?
17, 97
List the prime factors of 1948.
2, 487
What are the prime factors of 1523?
1523
List the prime factors of 146.
2, 73
What are the prime factors of 3107?
13, 239
What are the prime factors of 1729?
7, 13, 19
List the prime factors of 1102.
2, 19, 29
List the prime factors of 10994.
2, 23, 239
What are the prime factors of 15218?
2, 7, 1087
What are the prime factors of 1337?
7, 191
What are the prime factors of 10762?
2, 5381
List the prime factors of 2320.
2, 5, 29
List the prime factors of 5159.
7, 11, 67
List the prime factors of 1615.
5, 17, 19
What are the prime factors of 2386?
2, 1193
List the prime factors of 7003.
47, 149
List the prime factors of 45238.
2, 22619
List the prime factors of 9603.
3, 11, 97
What are the prime factors of 59283?
3, 7, 941
List the prime factors of 762.
2, 3, 127
List the prime factors of 2346.
2, 3, 17, 23
List the prime factors of 475.
5, 19
What are the prime factors of 32181?
3, 17, 631
What are the prime factors of 773?
773
List the prime factors of 76589.
19, 29, 139
List the prime factors of 12575.
5, 503
What are the prime factors of 9180?
2, 3, 5, 17
What are the prime factors of 5331?
3, 1777
List the prime factors of 3123.
3, 347
List the prime factors of 61319.
17, 3607
List the prime factors of 2446.
2, 1223
What are the prime factors of 1325?
5, 53
List the prime factors of 11615.
5, 23, 101
List the prime factors of 1802.
2, 17, 53
List the prime factors of 29.
29
What are the prime factors of 35